75)/20. Let o(m) = m**3 + 9*m**2 - 2*m + 8. Let q be o(n). Let z be 2/(3/12 - (-10)/q). What is the greatest common factor of 12 and z?
6
Suppose j = 7*j - 114. Suppose 19*a = -44*a + 5985. Calculate the greatest common divisor of j and a.
19
Let n(x) = -765*x**2 + x - 1. Let l be n(1). Let q be 2/4 + l/(-10). Let v be (330/q)/((-2)/(-14)). Calculate the greatest common factor of 20 and v.
10
Suppose 0 = 4*t + 9*t - 1573. Suppose 124*q = t*q + 2112. Calculate the greatest common divisor of 64 and q.
64
Let v = 26 - 2. Let a be (-19676)/(-20) + (-4)/(-20). Calculate the greatest common divisor of a and v.
24
Let c = 7 - 5. Suppose 0 = 42*w - 1233 - 657. Let j be c/6 + 6060/w. What is the highest common factor of 27 and j?
27
Suppose -4*b + 80 + 233 = 61. Calculate the highest common factor of 336 and b.
21
Let z = -306 - -317. Let u(b) = 3*b**2 - 12*b + 88. Let i be u(z). Calculate the highest common factor of 11 and i.
11
Let c(q) = q**3 - 7*q**2 + 7*q - 2. Let s be c(6). Suppose -4*o + 220 = -4*x, s*x - 122 = 11*o - 13*o. What is the highest common divisor of o and 3?
3
Let r(f) = 29*f**2 - 2*f - 1. Let l be r(-1). Suppose 34*g - 912 = l*g. Calculate the greatest common divisor of 12 and g.
12
Suppose -2*h = -2*t + 3*h + 605, 3*t - 5*h = 910. Let d be 5844/32 - ((-108)/(-32))/(-9). Calculate the highest common divisor of t and d.
61
Suppose 0 = -4*i + 2*i + w + 69, 89 = 2*i - 5*w. Suppose 3 + 37 = 5*r. Suppose -r*k + 112 = -k. Calculate the greatest common factor of k and i.
16
Let f(k) = -51*k**2 + 7*k + 9. Let p(n) = -27*n**2 + 4*n + 5. Let l(s) = -4*f(s) + 7*p(s). Let j be l(-1). Calculate the greatest common divisor of 70 and j.
14
Suppose 3*u - 5 = -5*l, 2*u = -2*u + 20. Let r be 2*(l/(-4) - 0). Let k be r/(3/9) - 0. Calculate the greatest common divisor of k and 24.
3
Suppose -301 = -11*z - 191. What is the highest common factor of z and 8110?
10
Suppose -3*g = 2*m - 12, 5*g + 348*m - 347*m - 20 = 0. Calculate the greatest common factor of 27 and g.
1
Let p be 36/15*30/4. Let s(c) = -68*c + 30. Let o be s(3). Let f = -147 - o. What is the highest common factor of p and f?
9
Let y be 3/(-10) - (-117)/90. Let w(f) = 153*f - 17. Let n be w(y). Suppose 3*k = o - 0*o + 50, -5*k + 82 = -3*o. What is the highest common divisor of n and k?
17
Let q be ((-1700)/150*(-3)/4)/(1/4). What is the greatest common divisor of 8891 and q?
17
Let m be 32/14 - -2 - (-4)/(-14). Suppose 0 = 2*o - m - 56. Suppose -14*q + 206 + 46 = 0. Calculate the highest common divisor of q and o.
6
Suppose 5*c + a = 4*a - 126, 2*a - 28 = c. Let g be (3*(-20)/c)/((-1)/(-32)). Suppose 48*n - 44*n = g. What is the highest common divisor of n and 4?
4
Suppose -195 = -4*g - 5*h, -4*g + 5*h = g - 210. Calculate the highest common divisor of g and 1065.
15
Let g = 21 - 18. Let w be (-40)/(6/g*(0 + -1)). Calculate the greatest common factor of 320 and w.
20
Suppose 90*d - 8156 = 3814. Let h(z) = 2*z**2 - 6*z - 8. Let i be h(6). What is the highest common divisor of i and d?
7
Suppose -15*o = -31*o + 47008. What is the highest common divisor of 1582 and o?
226
Suppose -5*g - 29 = -3*x, g - 554 = 4*x - 587. What is the highest common divisor of x and 5368?
8
Let q be -4 + 4 + (-2)/(-2). Let s be (-6*q/(-18))/(2/12). Suppose c - 234 = -s*c. Calculate the greatest common divisor of 6 and c.
6
Let w = -48 - -25. Let h = 29 + w. Let z be (200/6)/(h/54). What is the greatest common divisor of z and 30?
30
Suppose -p - 3 + 7 = 0. Suppose -2*m = l - 1 - 17, 3*l + p*m = 52. Calculate the greatest common divisor of 432 and l.
16
Suppose 13 = 78*t - 143. Calculate the greatest common factor of t and 422.
2
Suppose 10125 + 33016 = 63*p - 14189. What is the highest common factor of 1170 and p?
130
Suppose 0 = -94*n + 23*n + 48564. Calculate the greatest common factor of 576 and n.
36
Let q be ((-20)/14)/(-5) + (-27588)/(-266). Calculate the greatest common divisor of 136 and q.
8
Suppose 12*t - 9*t + 510 = 0. Let c = t + 191. What is the greatest common divisor of 7 and c?
7
Let g = 31480 + -31454. Suppose 0 = 3*y - 300 - 123. Suppose -2*r + y = -67. What is the greatest common factor of g and r?
26
Let l = -579 + 654. Let w be (5/2)/(242/48 - 5). What is the highest common divisor of w and l?
15
Let l = 733 - 514. Let q = l + -167. Calculate the greatest common divisor of 260 and q.
52
Let y be ((-6 + 5)*(2 - 121))/(2/14). What is the greatest common factor of y and 28?
7
Let o(t) be the second derivative of -t**3/6 + 13*t**2/2 + 17*t. Let p be o(11). Suppose p*s = -0*s + 16. What is the greatest common divisor of 8 and s?
8
Let f = 927 + -846. Calculate the greatest common factor of f and 213.
3
Let m(z) = -3*z**2 + z - 12. Let r be m(5). Let y = 128 + r. Calculate the highest common factor of y and 23.
23
Let k(q) = -q**2 - 16*q - 32. Let u be k(-7). Suppose -u = 9*l - 49. What is the highest common divisor of l and 82?
2
Let o be (-14 - -2)*8/((-64)/50). Let b be (3 - o/20)*(-16)/6. What is the greatest common divisor of 11 and b?
1
Let g = -14130 - -18834. What is the highest common factor of g and 28?
28
Let v be (-2)/(0 + 2) + 3 + 78. Suppose -58 = -z - v. Let f = z + 35. What is the highest common divisor of f and 104?
13
Let j be 1*(-4)/22 - (-105)/33. Suppose -5*d = -10, -4*d = a + j*a - 4328. What is the highest common factor of 36 and a?
36
Let j(m) = -m**3 + 13*m**2 - 41*m + 215. Let g be j(10). What is the highest common factor of g and 2895?
15
Suppose -7*s + 2*s - 216 = -l, 4 = 4*s. Calculate the greatest common factor of 102 and l.
17
Suppose -638 = -y + 526. Suppose 9*r - 5*r = -3*d + 54, -51 = -3*r + 3*d. Let f be (-12)/r - y/(-5). Calculate the greatest common divisor of f and 29.
29
Suppose -5*b + 0*o + 4*o + 114 = 0, -5*o - 49 = -2*b. Suppose 0*d - 3*d = 2*n - b, -30 = -2*n - 5*d. What is the highest common factor of 10 and n?
5
Suppose -6*a + 5*a = -4, -3*a - 648 = -5*h. Calculate the greatest common divisor of h and 198.
66
Let o(x) = 310*x**3 + 197*x**2 - 200*x + 3. Let n be o(1). Suppose g - 3*t = -7*t + 30, -4*t = -g - 10. Calculate the highest common divisor of n and g.
10
Let m = 1042 - 741. Suppose 3*i + 112 = a - 306, 4*a - 5*i - 1679 = 0. Let p = a - m. What is the highest common divisor of p and 30?
30
Suppose -12*w - 172 = -10*w. Let h = w + 99. Suppose 151 = 5*z + 4*t, 0 = 3*z - 5*t - h - 48. Calculate the highest common divisor of z and 54.
27
Suppose 47*v + 129 = 50*v. Let o = 89 + v. What is the greatest common factor of 24 and o?
12
Let r be 68 + -13*(-7)/91. What is the greatest common divisor of 1472 and r?
23
Suppose a + 5 = 0, -4*d - 2*a + 10 = -0*d. Suppose 13 = 8*k + d. Suppose 5*j - 5*y - 30 = 0, 0 = -j - 4*y + k. What is the highest common divisor of j and 15?
5
Suppose 5*l + 84 = 6*l + 4*m, -2*m = -3*l + 210. What is the highest common factor of 1152 and l?
72
Suppose 474*l - 444*l - 1039 = 1121. Calculate the highest common factor of l and 792.
72
Suppose -2*t - 5*w + 9273 = 3488, 5*w - 2905 = -t. Calculate the highest common divisor of t and 120.
120
Suppose -5*y - 5*p + 25 = 0, 4*y + 5 - 23 = -3*p. Suppose -3*v + y*i + 45 = 0, -13*v + 25 = -9*v + 3*i. Calculate the greatest common divisor of v and 2.
2
Let x(l) = -2*l**2 + 13*l - 33. Let f(a) = a**2 - 6*a + 15. Let v(k) = 5*f(k) + 2*x(k). Let d be v(9). Calculate the greatest common divisor of 12 and d.
6
Let o be (2/6)/(10/1590). Let d = 55 - o. Suppose -3 + 1 = d*w, 21 = 2*c + 3*w. Calculate the greatest common factor of 144 and c.
12
Let w = 40 - 44. Let f be 0 - (30/3)/(w/2). Let z(p) = 41*p**3 - 2*p**2 + 1. Let k be z(1). What is the greatest common divisor of f and k?
5
Let o(x) = -2*x**2 + 85*x - 494. Let m be o(7). What is the greatest common divisor of 2757 and m?
3
Let l(v) = -22*v - 138. Let t be l(-59). What is the greatest common divisor of t and 120?
40
Let p be -17 - -22 - (2 - 1469). Calculate the highest common factor of 69 and p.
23
Suppose -5*b + 302*h + 234 = 299*h, -4*h - 12 = 0. What is the highest common divisor of b and 558?
9
Suppose -4*q = -3*z - 1019, 679 + 343 = 4*q - 6*z. Calculate the greatest common factor of 381 and q.
127
Let t be 12/4 + 8/(-4). Suppose o + t = -3. Let y be 25 - ((-12)/o + -2). Calculate the greatest common divisor of y and 36.
12
Suppose 4